ist the prime factors of (30/(-75))/((-4)/54470) + -1.
2, 7, 389
Let i(m) = 5*m**3 + 5*m**2 - 2*m - 5. Let g be i(-4). Let d(z) = -118*z + 1. Let k be d(-3). Let v = g + k. What are the prime factors of v?
2, 59
Suppose -307*k + 84*k - 146*k = -10306908. What are the prime factors of k?
2, 6983
Let d(m) = 45*m**2 + 1141*m + 118. What are the prime factors of d(-40)?
2, 3, 1471
Let q = -41798 + 100152. List the prime factors of q.
2, 163, 179
Let i(j) be the first derivative of 81*j**2/2 + 9*j + 49. List the prime factors of i(1).
2, 3, 5
Suppose 2*f - 538 = -0*f. Let w = -175 + f. List the prime factors of w.
2, 47
Suppose -798 = -22*s - 20*s. Suppose -s*q + 15867 = -2848. List the prime factors of q.
5, 197
Suppose 2*o + 5*i = 3 - 2, -5*o - 3*i - 7 = 0. Let p be 12*8/(-4)*o/4. List the prime factors of 2*10 + (-4)/p*-9.
23
Let l(p) = -37*p + 145. Let y be l(4). List the prime factors of y*-3*673/9.
673
Let u be -4 + (10 + -11)/(2/46). What are the prime factors of (-18)/u*(3 - -9*170)?
2, 7, 73
Suppose -5*q - 2 = -12. Suppose -2*j = -j - q. Suppose -j*y = 3*k - 279, -4*k - 2*y = -7*y - 372. List the prime factors of k.
3, 31
Suppose d + p = 14276, 6*d + 4*p - 28548 = 4*d. List the prime factors of d.
2, 11, 59
Let f(z) = z**2 + 5*z - 38. Let n = 302 - 285. List the prime factors of f(n).
2, 3, 7
Suppose -2*z = 3*u - 18 + 36, -2*u = 4*z + 28. Suppose -2*w - 24 - 42 = 4*l, -4*w = 4*l + 136. Let k = z - w. What are the prime factors of k?
29
Let d = -515 + 533. Suppose -d*x - 364 = -19*x. What are the prime factors of x?
2, 7, 13
List the prime factors of (-33795)/(-3) + (-5 - 1 - -10).
59, 191
Let g = 219 + -126. Let h = -96 + g. Let b(t) = -9*t**3 - t**2 + 3*t + 3. List the prime factors of b(h).
2, 3, 19
Let r(i) = -18*i + 4. Let m be r(0). List the prime factors of (-1330)/(2/(-6 + m)).
2, 5, 7, 19
What are the prime factors of 2*(-2 + 3) + 27/((-486)/(-427230))?
7, 3391
Let u = 3191 - -1057. List the prime factors of u.
2, 3, 59
Let a = -10652 + 17411. What are the prime factors of a?
3, 751
Let w(h) = 8*h + 11. Let l = 32 + -39. Let r be w(l). What are the prime factors of 8/(-48)*(-20)/(-1)*r?
2, 3, 5
Let p(c) = -47*c + 80. Let q = -303 + 284. List the prime factors of p(q).
7, 139
Let l = 62 - 35. Let u = l - 23. Let q(w) = 7*w**2 - 4*w - 4. What are the prime factors of q(u)?
2, 23
Let b(v) = -27*v**3 + 4*v**2 + 2*v. Let s be (72/30)/6 + 17/(-5). Let n be b(s). Suppose -8*d + n + 1 = 0. What are the prime factors of d?
5, 19
Let j(n) = n**2 + n - 26. Let p = -29 - -23. Let c be j(p). Suppose 4*o + o + 4*f = 223, -c*o - f = -174. List the prime factors of o.
43
Suppose -4*w - 12 = 0, 5*a - 467 - 422 = 3*w. List the prime factors of a - (-4 + 40)/(-6).
2, 7, 13
List the prime factors of 103/(-10) + 160/16 + 2087529/30.
2, 4349
Let b(l) = -2*l**2 - 30*l + 13. Let c be b(-15). Suppose 844 = -11*z + c*z. What are the prime factors of z?
2, 211
What are the prime factors of (37423/8)/(196/1568)?
37423
Suppose -12*l = 7*l - 21*l + 23024. What are the prime factors of l?
2, 1439
Suppose 2*h - 4*f - 80 = -h, 0 = -5*h + 4*f + 136. Let q be (-66)/(-14) + 8/h. Suppose q*k = -190 + 580. List the prime factors of k.
2, 3, 13
Suppose 0 = 4*i + 4*i - 2*i. List the prime factors of (133 - 5) + i + 4.
2, 3, 11
Let m = 61 - 61. Suppose -4*v - v - 275 = m. Let z = 22 - v. List the prime factors of z.
7, 11
Suppose 31*j + 1935 = 74*j. Suppose 0 = -42*q + j*q - 3210. What are the prime factors of q?
2, 5, 107
Let z(j) = -1670*j**3 + 3*j**2 + j. Let o be z(-2). Suppose 40*v - 5*v = o. What are the prime factors of v?
2, 191
Let i(y) = -18*y + 1. Let l(v) = 54*v - 3. Let p(z) = -7*i(z) - 2*l(z). Let o be p(2). Suppose 19*f - 24*f = -o. What are the prime factors of f?
7
Let a(l) = -24*l**2 + l - 509. Let n(j) = 11*j**2 - j + 254. Let g(k) = 6*a(k) + 13*n(k). List the prime factors of g(0).
2, 31
Suppose v = o, -4*o + 2 = -v - 2*v. List the prime factors of ((-58608)/(-30))/4 + o/(-5).
2, 61
Suppose 0 = 3*c + 3*k - 738, 3*c - 1195 = -2*c + 2*k. Let v = 582 - c. What are the prime factors of v?
11, 31
Let b(h) = -h**3 + 29*h**2 - 11*h - 46. Let v be b(27). What are the prime factors of (v - (-1 - 5)) + -3 + 8?
2, 563
Let z(m) = 38*m + 7 + 66 + 9*m. What are the prime factors of z(5)?
2, 7, 11
Let p(t) = 30*t - 50. Let j be ((-24)/14)/((-10)/35). Let d be p(j). Let s = d + -88. List the prime factors of s.
2, 3, 7
Suppose p = -4*h - 4*p + 10, 0 = -2*h - 3*p + 6. Let v(m) = 3*m**2 - 15. Let s be v(h). Let y = s + 71. What are the prime factors of y?
2, 7
Suppose -5*i - 114*d + 112*d + 142798 = 0, -4*i + d = -114228. List the prime factors of i.
2, 109, 131
Suppose -78*y = -5*b - 79*y + 3655, -b = 3*y - 731. What are the prime factors of b?
17, 43
Let t = 1645 + 11089. List the prime factors of t.
2, 6367
Let u(q) = q**3 - q - 12 + 7*q - 4*q**2 + 5*q. Let b be u(9). Suppose 3*o = -f + b, 342 = -2*o + 4*o - 4*f. List the prime factors of o.
3, 5, 11
Let i = 148 - 145. Suppose -3*t - y + 1464 = 2*y, 5*y + 1456 = i*t. What are the prime factors of t?
487
Let z(s) = 4979*s**2 + 1493*s - 3. What are the prime factors of z(-4)?
3, 7, 11, 29
Suppose 0 = -52*g - 33*g + 491810. List the prime factors of g.
2, 11, 263
Let j be (-6 - -4) + (-231 - -1). Let l = j - -490. List the prime factors of l.
2, 3, 43
Suppose y - 8 = -2*k + 7, -2*k = -3*y + 5. List the prime factors of y/(105/(-1379))*-9.
3, 197
Let n = 402 + -112. Suppose 2*w = w + n. List the prime factors of w.
2, 5, 29
Suppose -7445134 = -194*t + 2604066. List the prime factors of t.
2, 5, 7, 37
Let z = 442 + -262. Suppose -2*b - 16 = 3*n - 539, 5*b + z = n. What are the prime factors of n?
5, 7
List the prime factors of (-269 - -69241)*3*(-3)/(-18).
2, 43, 401
List the prime factors of (-113608)/(-264)*(-39)/(-1).
13, 1291
Suppose -k = -0*z - 3*z - 180, -3*z - 360 = -2*k. Suppose -3*a = -4*r + 362, r + r - k = 2*a. Suppose 94*g - 332 = r*g. What are the prime factors of g?
2, 83
Suppose -s - 5*u = -3*u - 19, -5*u = -5*s + 80. Suppose -3*j - 5*r + 1365 = 0, 12*j + 2275 = s*j - 5*r. List the prime factors of j.
5, 7, 13
Let h be 1 + 3/(-9) - (-5)/(-3). Let y be ((-3)/(-2))/(h/(-2)). Suppose 2*r - 1447 = -y*r + b, 0 = -4*r + 5*b + 1145. What are the prime factors of r?
2, 5, 29
Let n(q) = 2*q**3 + q**2 - q. Let z be n(1). Let r be (z/4)/((-4125)/(-1030) + -4). Suppose -3*i + 200 = -r. What are the prime factors of i?
101
Let d(c) = 87*c + 158. Suppose -16*n + 91 = -3*n. List the prime factors of d(n).
13, 59
Let r be (13 + 8)*22/(-6). Let a = 139 - r. What are the prime factors of a?
2, 3
Let w(b) = b**2 + 33 + 25*b - 13*b - 9 + 9*b. Let n be w(-20). Suppose -288 = -3*x + x + 4*v, 2*v = n*x - 558. List the prime factors of x.
2, 3, 23
Let c(l) = -24 + 53*l - 91*l + 58*l. What are the prime factors of c(21)?
2, 3, 11
Let z(p) = 3*p**2 + 95*p - 26. Let c be z(-32). Suppose -22*u + c*u = -8720. List the prime factors of u.
5, 109
Suppose -5*z + 45 = 5*r, 0*r + 3*z + 5 = 5*r. Suppose 0*w + 16 = p + 3*w, -r*p + 5*w = -115. List the prime factors of p.
5
Suppose -68*b = -7*b - 163413 - 183921. List the prime factors of b.
2, 3, 13, 73
Suppose c + 3*g - 1304 = 12290, 0 = -c + 3*g + 13588. What are the prime factors of c?
13591
Let o = 5 - 8. Let t(g) = -21*g + 191. Let h be t(9). What are the prime factors of o/h + 90/4?
3, 7
Suppose 22 = 18*p - 50. Suppose -3*d + 2329 = -u, 0*u = -d - p*u + 798. List the prime factors of d.
2, 389
Suppose -5*s + 4*g = -30, s = -3*s - 2*g - 2. Suppose o - 627 = -r, 2*r + s*r + 3*o - 2509 = 0. Suppose 21*b - 25*b + r = 0. List the prime factors of b.
157
Suppose 0 = -2*j - 0*p + 2*p - 566, -2*p = -j - 287. Let b = 798 - j. What are the prime factors of b?
3, 359
Let p = 123 - 116. What are the prime factors of p*6*(-126)/(-49)?
2, 3
Let h = 236 + -23. Let g = 333 - h. What are the prime factors of g?
2, 3, 5
Let d(n) = 9*n - 41*n - 4 - 2. Let s = -795 - -792. What are the prime factors of d(s)?
2, 3, 5
Suppose 0 = -2*i + 73 + 119. Let p = 414 - i. Suppose 4*x - 214 = p. What are the prime factors of x?
7, 19
List the prime factors of 286923/25 + (-1 - 0) - 678/(-8475).
2, 19, 151
Let x(c) be the second derivative of -31*c**3/2 + 34*c**2 - 23*c + 1. List the prime factors of x(-9).
5, 181